{"id":306,"date":"2020-04-07T18:38:47","date_gmt":"2020-04-07T18:38:47","guid":{"rendered":"https:\/\/petrocenter.cl\/web\/productos.php\/?post_type=product&#038;p=306"},"modified":"2026-01-06T18:18:14","modified_gmt":"2026-01-06T18:18:14","slug":"repuestos-multimarca-a-pedido","status":"publish","type":"product","link":"https:\/\/petrocenter.cl\/web\/productos.php\/producto\/repuestos-multimarca-a-pedido\/","title":{"rendered":"Repuestos multimarca a pedido"},"content":{"rendered":"<p>Traemos a pedido cualquier tipo de repuesto de su auto o cami\u00f3n.<br \/>\nPartes y repuestos de carrocer\u00eda Focos y faroles , Bombas de agua, Embragues , Radiadores, Guardafangos, Cremalleras, Rodamientos, Amortiguadores, Juntas homocin\u00e9ticas, Bandejas, R\u00f3tulas, Terminales de direcci\u00f3n, Cintas de volante, Sensores en General, Empaquetaduras de culata y Culatas.<br \/>\nConsulte por Neum\u00e1ticos, Llantas de aleaci\u00f3n, Lubricantes, Aditivos y Filtros de aceite, aire, petroleo, y de cabina o polen.<\/p>\n<p>Para mas informaci\u00f3n puede contactarnos directamente llamando o dejando su mensaje v\u00eda whatsapp al +56 9 6252 9692 o al +56 9 8174 0830<\/p>\n","protected":false},"excerpt":{"rendered":"<p>Traemos a pedido cualquier tipo de repuesto de su auto o cami\u00f3n. Partes y repuestos de carrocer\u00eda Focos y faroles&hellip;<\/p>\n","protected":false},"featured_media":307,"comment_status":"open","ping_status":"closed","template":"","meta":[],"product_brand":[],"product_cat":[33],"product_tag":[],"class_list":{"0":"post-306","1":"product","2":"type-product","3":"status-publish","4":"has-post-thumbnail","6":"product_cat-repuestos","7":"it-has-gallery","9":"first","10":"instock","11":"sale","12":"taxable","13":"shipping-taxable","14":"purchasable","15":"product-type-simple"},"jetpack_sharing_enabled":true,"jetpack_likes_enabled":true,"_links":{"self":[{"href":"https:\/\/petrocenter.cl\/web\/productos.php\/wp-json\/wp\/v2\/product\/306","targetHints":{"allow":["GET"]}}],"collection":[{"href":"https:\/\/petrocenter.cl\/web\/productos.php\/wp-json\/wp\/v2\/product"}],"about":[{"href":"https:\/\/petrocenter.cl\/web\/productos.php\/wp-json\/wp\/v2\/types\/product"}],"replies":[{"embeddable":true,"href":"https:\/\/petrocenter.cl\/web\/productos.php\/wp-json\/wp\/v2\/comments?post=306"}],"wp:featuredmedia":[{"embeddable":true,"href":"https:\/\/petrocenter.cl\/web\/productos.php\/wp-json\/wp\/v2\/media\/307"}],"wp:attachment":[{"href":"https:\/\/petrocenter.cl\/web\/productos.php\/wp-json\/wp\/v2\/media?parent=306"}],"wp:term":[{"taxonomy":"product_brand","embeddable":true,"href":"https:\/\/petrocenter.cl\/web\/productos.php\/wp-json\/wp\/v2\/product_brand?post=306"},{"taxonomy":"product_cat","embeddable":true,"href":"https:\/\/petrocenter.cl\/web\/productos.php\/wp-json\/wp\/v2\/product_cat?post=306"},{"taxonomy":"product_tag","embeddable":true,"href":"https:\/\/petrocenter.cl\/web\/productos.php\/wp-json\/wp\/v2\/product_tag?post=306"}],"curies":[{"name":"wp","href":"https:\/\/api.w.org\/{rel}","templated":true}]}}