{"id":1454,"date":"2025-01-25T14:35:47","date_gmt":"2025-01-25T14:35:47","guid":{"rendered":"https:\/\/petrocenter.cl\/web\/productos.php\/?post_type=product&#038;p=1454"},"modified":"2026-03-31T22:42:55","modified_gmt":"2026-03-31T22:42:55","slug":"estanque-transportable-diesel-980-litros-certificacion-sec-dd980","status":"publish","type":"product","link":"https:\/\/petrocenter.cl\/web\/productos.php\/producto\/estanque-transportable-diesel-980-litros-certificacion-sec-dd980\/","title":{"rendered":"Estanque transportable Diesel 980 litros certificaci\u00f3n SEC Modelo DD980 con carrete de 10 metros"},"content":{"rendered":"<p>Producto relacionado<\/p>\n<blockquote class=\"wp-embedded-content\" data-secret=\"wPwocQW3JE\"><p><a href=\"https:\/\/petrocenter.cl\/web\/productos.php\/producto\/estanque-transportable-diesel-900-lts\/\">Estanque transportable Truckmaster diesel 12 volts 900 litros Resoluci\u00f3n SEC<\/a><\/p><\/blockquote>\n<p><iframe class=\"wp-embedded-content\" sandbox=\"allow-scripts\" security=\"restricted\" style=\"position: absolute; visibility: hidden;\" title=\"\u00abEstanque transportable Truckmaster diesel 12 volts 900 litros Resoluci\u00f3n SEC\u00bb \u2014 \" src=\"https:\/\/petrocenter.cl\/web\/productos.php\/producto\/estanque-transportable-diesel-900-lts\/embed\/#?secret=0LB64WXVJY#?secret=wPwocQW3JE\" data-secret=\"wPwocQW3JE\" width=\"600\" height=\"338\" frameborder=\"0\" marginwidth=\"0\" marginheight=\"0\" scrolling=\"no\"><\/iframe><\/p>\n<p>&nbsp;<\/p>\n","protected":false},"excerpt":{"rendered":"<p>Tanque de 980 litros para petr\u00f3leo (Diesel)<br \/>\nCERTIFICACION SEC<br \/>\nModelo: DD980 Tapa Verde<br \/>\nBomba de transferencia de combustible DC, mod. DP60012 (12 V), caudal 56 l\/min 10 m de carrete de manguera para combustible Diesel, incluye filtro de elemento de combustible.<br \/>\nBoquilla de corte autom\u00e1tico<br \/>\nMedidor de caudal<br \/>\nCable de alimentaci\u00f3n de 6 metros para la bomba con abrazaderas para la conexi\u00f3n a la bater\u00eda<br \/>\nTapa con cerradura con llave, luz Led auxiliar de trabajo<br \/>\nDimensiones: 110*130*120cm<br \/>\nPeso: 120kgs<\/p>\n","protected":false},"featured_media":1455,"comment_status":"open","ping_status":"closed","template":"","meta":[],"product_brand":[],"product_cat":[18,34,36],"product_tag":[],"class_list":{"0":"post-1454","1":"product","2":"type-product","3":"status-publish","4":"has-post-thumbnail","6":"product_cat-aceites","7":"product_cat-estanques-de-combustible","8":"product_cat-estanques-de-combustible-diesel-transportable","9":"it-has-gallery","11":"first","12":"instock","13":"sale","14":"taxable","15":"shipping-taxable","16":"purchasable","17":"product-type-simple"},"jetpack_sharing_enabled":true,"jetpack_likes_enabled":true,"_links":{"self":[{"href":"https:\/\/petrocenter.cl\/web\/productos.php\/wp-json\/wp\/v2\/product\/1454","targetHints":{"allow":["GET"]}}],"collection":[{"href":"https:\/\/petrocenter.cl\/web\/productos.php\/wp-json\/wp\/v2\/product"}],"about":[{"href":"https:\/\/petrocenter.cl\/web\/productos.php\/wp-json\/wp\/v2\/types\/product"}],"replies":[{"embeddable":true,"href":"https:\/\/petrocenter.cl\/web\/productos.php\/wp-json\/wp\/v2\/comments?post=1454"}],"wp:featuredmedia":[{"embeddable":true,"href":"https:\/\/petrocenter.cl\/web\/productos.php\/wp-json\/wp\/v2\/media\/1455"}],"wp:attachment":[{"href":"https:\/\/petrocenter.cl\/web\/productos.php\/wp-json\/wp\/v2\/media?parent=1454"}],"wp:term":[{"taxonomy":"product_brand","embeddable":true,"href":"https:\/\/petrocenter.cl\/web\/productos.php\/wp-json\/wp\/v2\/product_brand?post=1454"},{"taxonomy":"product_cat","embeddable":true,"href":"https:\/\/petrocenter.cl\/web\/productos.php\/wp-json\/wp\/v2\/product_cat?post=1454"},{"taxonomy":"product_tag","embeddable":true,"href":"https:\/\/petrocenter.cl\/web\/productos.php\/wp-json\/wp\/v2\/product_tag?post=1454"}],"curies":[{"name":"wp","href":"https:\/\/api.w.org\/{rel}","templated":true}]}}