{"id":1328,"date":"2024-06-25T03:01:32","date_gmt":"2024-06-25T03:01:32","guid":{"rendered":"https:\/\/petrocenter.cl\/web\/productos.php\/?post_type=product&#038;p=1328"},"modified":"2024-06-25T03:15:22","modified_gmt":"2024-06-25T03:15:22","slug":"tambor-aceite-de-motor-rexoil-diamond-10w40-sl-cf-208-litros","status":"publish","type":"product","link":"https:\/\/petrocenter.cl\/web\/productos.php\/producto\/tambor-aceite-de-motor-rexoil-diamond-10w40-sl-cf-208-litros\/","title":{"rendered":"Tambor aceite de motor Rexoil Diamond 10W40 SL\/CF 208 litros"},"content":{"rendered":"<p>Approvals and Specifications<br \/>\n\u2022 API SL\/CF \u2022 VW 501.01 \/ 505.00<br \/>\n\u2022 ACEA A3\/B3-10 \u2022 MB Approval 229.1<\/p>\n<p>&nbsp;<\/p>\n<p>Technical Specifications<br \/>\nTest Method Typical Properties<br \/>\nAppearance Visual Clear-Bright<br \/>\nKinematic Viscosity (100\u00b0C), [cSt] ASTM D445 12,5 &#8211; 16,3<br \/>\nViscosity Index ASTM D2270 Min. 130<br \/>\nFlash Point, \u00b0C ASTM D92 Min. 220<br \/>\nPour Point, \u00b0C ASTM D97 Max. -27<\/p>\n","protected":false},"excerpt":{"rendered":"<p>Aceite de motor semi sint\u00e9tico producido para satisfacer las necesidades de lubricaci\u00f3n de motores de aspiraci\u00f3n normal y turboalimentados como resultado de la mezcla de aceites base sint\u00e9ticos y de alta calidad y aditivos tecnol\u00f3gicos. Recomendado para motores de todos los veh\u00edculos de pasajeros de gasolina, diesel y GLP, as\u00ed como autom\u00f3viles, furgonetas, minifurgonetas y peque\u00f1os veh\u00edculos comerciales.<\/p>\n","protected":false},"featured_media":1327,"comment_status":"open","ping_status":"closed","template":"","meta":[],"product_brand":[],"product_cat":[18],"product_tag":[],"class_list":{"0":"post-1328","1":"product","2":"type-product","3":"status-publish","4":"has-post-thumbnail","6":"product_cat-aceites","7":"it-has-gallery","9":"first","10":"instock","11":"sale","12":"taxable","13":"shipping-taxable","14":"purchasable","15":"product-type-simple"},"jetpack_sharing_enabled":true,"jetpack_likes_enabled":true,"_links":{"self":[{"href":"https:\/\/petrocenter.cl\/web\/productos.php\/wp-json\/wp\/v2\/product\/1328","targetHints":{"allow":["GET"]}}],"collection":[{"href":"https:\/\/petrocenter.cl\/web\/productos.php\/wp-json\/wp\/v2\/product"}],"about":[{"href":"https:\/\/petrocenter.cl\/web\/productos.php\/wp-json\/wp\/v2\/types\/product"}],"replies":[{"embeddable":true,"href":"https:\/\/petrocenter.cl\/web\/productos.php\/wp-json\/wp\/v2\/comments?post=1328"}],"wp:featuredmedia":[{"embeddable":true,"href":"https:\/\/petrocenter.cl\/web\/productos.php\/wp-json\/wp\/v2\/media\/1327"}],"wp:attachment":[{"href":"https:\/\/petrocenter.cl\/web\/productos.php\/wp-json\/wp\/v2\/media?parent=1328"}],"wp:term":[{"taxonomy":"product_brand","embeddable":true,"href":"https:\/\/petrocenter.cl\/web\/productos.php\/wp-json\/wp\/v2\/product_brand?post=1328"},{"taxonomy":"product_cat","embeddable":true,"href":"https:\/\/petrocenter.cl\/web\/productos.php\/wp-json\/wp\/v2\/product_cat?post=1328"},{"taxonomy":"product_tag","embeddable":true,"href":"https:\/\/petrocenter.cl\/web\/productos.php\/wp-json\/wp\/v2\/product_tag?post=1328"}],"curies":[{"name":"wp","href":"https:\/\/api.w.org\/{rel}","templated":true}]}}