{"id":1208,"date":"2023-10-14T12:05:05","date_gmt":"2023-10-14T12:05:05","guid":{"rendered":"https:\/\/petrocenter.cl\/web\/productos.php\/?post_type=product&#038;p=1208"},"modified":"2024-04-19T00:56:11","modified_gmt":"2024-04-19T00:56:11","slug":"aceite-motor-mobil-super-2000-formula-p-10w40-tambor-208-litros","status":"publish","type":"product","link":"https:\/\/petrocenter.cl\/web\/productos.php\/producto\/aceite-motor-mobil-super-2000-formula-p-10w40-tambor-208-litros\/","title":{"rendered":"Aceite motor Mobil Super 2000 formula p 10w40 tambor 208 litros"},"content":{"rendered":"<p>Propiedades y beneficios<\/p>\n<p>Los productos Mobil Super 2000 han sido plenamente probados en la industria de manera que usted pueda tener la confianza de que obtendr\u00e1 el desempe\u00f1o que desea de su veh\u00edculo.<\/p>\n<p>&nbsp;<\/p>\n<p>Mobil Super 2000 X1 Formula P 10W-40 proporciona:<\/p>\n<p>&nbsp;<\/p>\n<p>\u2022 Excelente protecci\u00f3n contra el desgaste<\/p>\n<p>&nbsp;<\/p>\n<p>\u2022 Excelente limpieza del motor<\/p>\n<p>&nbsp;<\/p>\n<p>\u2022 Excelente protecci\u00f3n a altas temperaturas<\/p>\n<p>&nbsp;<\/p>\n<p>\u2022 Excelente protecci\u00f3n a temperaturas fr\u00edas<\/p>\n<p>&nbsp;<\/p>\n<p>&nbsp;<\/p>\n<p>&nbsp;<\/p>\n<p>Aplicaciones<\/p>\n<p>Los productos Mobil Super 2000 est\u00e1n formulados para brindarle la confianza de que su motor est\u00e1 recibiendo una protecci\u00f3n que va mucho m\u00e1s all\u00e1 de la que los aceites convencionales pueden proporcionar. Recomendados Mobil Super 2000 muy particularmente si ocasionalmente experimenta condiciones de conducci\u00f3n exigentes:<\/p>\n<p>&nbsp;<\/p>\n<p>\u2022 Casi todas las tecnolog\u00edas de motores.<\/p>\n<p>&nbsp;<\/p>\n<p>\u2022 Gasolina y di\u00e9sel<\/p>\n<p>&nbsp;<\/p>\n<p>\u2022 Veh\u00edculos de pasajeros, camionetas deportivas, camiones ligeros y furgonetas<\/p>\n<p>&nbsp;<\/p>\n<p>\u2022 Conducci\u00f3n de crucero en carretera y conducci\u00f3n con paradas y arranques en la ciudad<\/p>\n<p>&nbsp;<\/p>\n<p>\u2022 Condiciones operacionales normales a ocasionalmente severas<\/p>\n<p>&nbsp;<\/p>\n<p>\u2022 Motores de alto desempe\u00f1o<\/p>\n<p>&nbsp;<\/p>\n<p>&nbsp;<\/p>\n<p>&nbsp;<\/p>\n<p>Especificaciones y aprobaciones<\/p>\n<p>Este producto cuenta con las siguientes aprobaciones:<\/p>\n<p>&nbsp;<\/p>\n<p>VW 501 01<\/p>\n<p>&nbsp;<\/p>\n<p>VW 505 00<\/p>\n<p>&nbsp;<\/p>\n<p>PSA B71 2300<\/p>\n<p>&nbsp;<\/p>\n<p>&nbsp;<\/p>\n<p>&nbsp;<\/p>\n<p>Este producto est\u00e1 recomendado para utilizarse en aplicaciones que requieren:<\/p>\n<p>&nbsp;<\/p>\n<p>MB 229.1<\/p>\n<p>&nbsp;<\/p>\n<p>API CF<\/p>\n","protected":false},"excerpt":{"rendered":"<p>aceite motor semi sintetico de calidad premium &#8211; excelente proteccion contra el desgaste motor altas y bajas tempraturas &#8211; aprobaciones vw 501 01 \/ vw 505 00 \/ psa b71 2300 &#8211; 208 litros<\/p>\n","protected":false},"featured_media":1038,"comment_status":"open","ping_status":"closed","template":"","meta":[],"product_brand":[],"product_cat":[18],"product_tag":[],"class_list":{"0":"post-1208","1":"product","2":"type-product","3":"status-publish","4":"has-post-thumbnail","6":"product_cat-aceites","8":"first","9":"instock","10":"sale","11":"taxable","12":"shipping-taxable","13":"purchasable","14":"product-type-simple"},"jetpack_sharing_enabled":true,"jetpack_likes_enabled":true,"_links":{"self":[{"href":"https:\/\/petrocenter.cl\/web\/productos.php\/wp-json\/wp\/v2\/product\/1208","targetHints":{"allow":["GET"]}}],"collection":[{"href":"https:\/\/petrocenter.cl\/web\/productos.php\/wp-json\/wp\/v2\/product"}],"about":[{"href":"https:\/\/petrocenter.cl\/web\/productos.php\/wp-json\/wp\/v2\/types\/product"}],"replies":[{"embeddable":true,"href":"https:\/\/petrocenter.cl\/web\/productos.php\/wp-json\/wp\/v2\/comments?post=1208"}],"wp:featuredmedia":[{"embeddable":true,"href":"https:\/\/petrocenter.cl\/web\/productos.php\/wp-json\/wp\/v2\/media\/1038"}],"wp:attachment":[{"href":"https:\/\/petrocenter.cl\/web\/productos.php\/wp-json\/wp\/v2\/media?parent=1208"}],"wp:term":[{"taxonomy":"product_brand","embeddable":true,"href":"https:\/\/petrocenter.cl\/web\/productos.php\/wp-json\/wp\/v2\/product_brand?post=1208"},{"taxonomy":"product_cat","embeddable":true,"href":"https:\/\/petrocenter.cl\/web\/productos.php\/wp-json\/wp\/v2\/product_cat?post=1208"},{"taxonomy":"product_tag","embeddable":true,"href":"https:\/\/petrocenter.cl\/web\/productos.php\/wp-json\/wp\/v2\/product_tag?post=1208"}],"curies":[{"name":"wp","href":"https:\/\/api.w.org\/{rel}","templated":true}]}}