{"id":1194,"date":"2023-10-12T23:34:53","date_gmt":"2023-10-12T23:34:53","guid":{"rendered":"https:\/\/petrocenter.cl\/web\/productos.php\/?post_type=product&#038;p=1194"},"modified":"2026-04-08T15:12:10","modified_gmt":"2026-04-08T15:12:10","slug":"tambor-aceite-de-motor-mobil-mx-15w40-ci-4-208-litros","status":"publish","type":"product","link":"https:\/\/petrocenter.cl\/web\/productos.php\/producto\/tambor-aceite-de-motor-mobil-mx-15w40-ci-4-208-litros\/","title":{"rendered":"Tambor aceite de motor Mobil Delvac Modern 15w-40 Super Defense V3 (Antes Mobil Delvac MX)  API CI-4 208 litros"},"content":{"rendered":"<p>ESPECIFICACIONES Y APROBACIONES:<br \/>\nMobil Delvac MX 15W-40 cumple o excede las siguientes especificaciones:<br \/>\n\u2022 Cummins CES 20078 \/ 20077\/ 20076 \/ 20072 \/ 20071<br \/>\n\u2022 Caterpillar CAT ECF-2<br \/>\n\u2022 ACEA E7-16<br \/>\n\u2022 Isuzu DEO (vehiculos con DPD)<br \/>\n\u2022 Isuzu peque\u00f1as transmisiones manuales (excepto MUA, MUX y cajas transferencia)<br \/>\nMobil Delvac MX 15W-40 posee las siguientes aprobaciones de fabricantes:<br \/>\n\u2022 MB 228.3<br \/>\n\u2022 Volvo VDS-3<br \/>\n\u2022 Mack EO-M Plus \/ EO-N<br \/>\n\u2022 MAN M 3275-1<br \/>\n\u2022 MTU Category 2<br \/>\n\u2022 Renault Trucks RLD-2<br \/>\n\u2022 AVTODISEL (TaMZ) YaMZ-6-12<br \/>\nRecomendado por ExxonMobil para el uso en aplicaciones que requieren los siguientes niveles de calidad:<br \/>\n\u2022 API CI-4 \/ CH-4 \/ ACEA A2-96 Issue 3 \/ CG-4 \/ CF-4 \/ CF B2-98 Issue 2 Detroit Diesel 7SE 270 (4 strokes)<br \/>\n\u2022 Mack EO-M<br \/>\n\u2022 Volvo VDS-2<br \/>\n\u2022 Cummins CES 20072 \/ 20071<br \/>\n\u2022 JASO DH-1-17<br \/>\n29\/04\/2020<br \/>\nP\u00e1gina 1\/2<br \/>\n\u2022 Renault RLD<\/p>\n","protected":false},"excerpt":{"rendered":"<p>Mobil Delvac Modern 15W-40 Super Defense V3, es un lubricantes mineral premium desarrollado para motores di\u00e9sel modernos. Su f\u00f3rmula ofrece mayor control del desgaste, de los dep\u00f3sitos y neutralizaci\u00f3n de \u00e1cidos. Recomendado para el uso en flotas de transporte de carga y pasajeros. No usar en motores con sistema post-tratamiento de gases de escape, como DPF, DOC y SCR.<\/p>\n<p>F\u00f3rmula que ayuda a:<\/p>\n<ul>\n<li>Entregar protecci\u00f3n continua contra el desgaste, cuidando el motor<\/li>\n<li>Controlar la temperatura del motor, mejorando la eficiencia<\/li>\n<li>Combatir la formaci\u00f3n y acumulaci\u00f3n de residuos en el motor.<\/li>\n<\/ul>\n","protected":false},"featured_media":1038,"comment_status":"open","ping_status":"closed","template":"","meta":[],"product_brand":[],"product_cat":[18],"product_tag":[],"class_list":{"0":"post-1194","1":"product","2":"type-product","3":"status-publish","4":"has-post-thumbnail","6":"product_cat-aceites","8":"first","9":"instock","10":"sale","11":"taxable","12":"shipping-taxable","13":"purchasable","14":"product-type-simple"},"jetpack_sharing_enabled":true,"jetpack_likes_enabled":true,"_links":{"self":[{"href":"https:\/\/petrocenter.cl\/web\/productos.php\/wp-json\/wp\/v2\/product\/1194","targetHints":{"allow":["GET"]}}],"collection":[{"href":"https:\/\/petrocenter.cl\/web\/productos.php\/wp-json\/wp\/v2\/product"}],"about":[{"href":"https:\/\/petrocenter.cl\/web\/productos.php\/wp-json\/wp\/v2\/types\/product"}],"replies":[{"embeddable":true,"href":"https:\/\/petrocenter.cl\/web\/productos.php\/wp-json\/wp\/v2\/comments?post=1194"}],"wp:featuredmedia":[{"embeddable":true,"href":"https:\/\/petrocenter.cl\/web\/productos.php\/wp-json\/wp\/v2\/media\/1038"}],"wp:attachment":[{"href":"https:\/\/petrocenter.cl\/web\/productos.php\/wp-json\/wp\/v2\/media?parent=1194"}],"wp:term":[{"taxonomy":"product_brand","embeddable":true,"href":"https:\/\/petrocenter.cl\/web\/productos.php\/wp-json\/wp\/v2\/product_brand?post=1194"},{"taxonomy":"product_cat","embeddable":true,"href":"https:\/\/petrocenter.cl\/web\/productos.php\/wp-json\/wp\/v2\/product_cat?post=1194"},{"taxonomy":"product_tag","embeddable":true,"href":"https:\/\/petrocenter.cl\/web\/productos.php\/wp-json\/wp\/v2\/product_tag?post=1194"}],"curies":[{"name":"wp","href":"https:\/\/api.w.org\/{rel}","templated":true}]}}