{"id":1171,"date":"2023-09-09T16:55:46","date_gmt":"2023-09-09T16:55:46","guid":{"rendered":"https:\/\/petrocenter.cl\/web\/productos.php\/?post_type=product&#038;p=1171"},"modified":"2023-09-09T19:01:44","modified_gmt":"2023-09-09T19:01:44","slug":"tambor-aceite-hidraulico-mobil-nuto-h-46-208-litros","status":"publish","type":"product","link":"https:\/\/petrocenter.cl\/web\/productos.php\/producto\/tambor-aceite-hidraulico-mobil-nuto-h-46-208-litros\/","title":{"rendered":"Tambor aceite hidr\u00e1ulico Mobil Nuto H 100 208 litros"},"content":{"rendered":"<h2>Propiedades y beneficios<\/h2>\n<p>\u2022 Buen desempe\u00f1o antidesgaste que ayuda a reducir el desgaste de las bombas y a prolongar la vida \u00fatil de las mismas<\/p>\n<p>\u2022 Protecci\u00f3n contra la corrosi\u00f3n que ayuda a reducir los efectos negativos de la humedad sobre los componentes del sistema<\/p>\n<p>\u2022 Filtrabilidad para prevenir la obstrucci\u00f3n de los filtros incluso en la presencia de agua<\/p>\n<h2>Aplicaciones<\/h2>\n<p>\u2022 Sistemas que utilizan bombas de engranajes, de paletas, radiales y axiales de pist\u00f3n para los que se requieren caracter\u00edsticas leves de antidesgaste<\/p>\n<p>\u2022 En situaciones donde la contaminaci\u00f3n del aceite hidr\u00e1ulico o las fugas son inevitables<\/p>\n<p>\u2022\u00a0Donde peque\u00f1as cantidades de agua son inevitables<\/p>\n<h2>Especificaciones y aprobaciones<\/h2>\n<div class=\"table-responsive\">\n<table class=\"table table-striped\">\n<tbody>\n<tr>\n<td><strong>Este producto cuenta con las siguientes aprobaciones:<\/strong><\/td>\n<td><strong>32<\/strong><\/td>\n<td><strong>46<\/strong><\/td>\n<td><strong>68<\/strong><\/td>\n<td><strong>100<\/strong><\/td>\n<td><strong>150<\/strong><\/td>\n<\/tr>\n<tr>\n<td>DENISON HF-0<\/td>\n<td>X<\/td>\n<td>X<\/td>\n<td>X<\/td>\n<td><\/td>\n<td><\/td>\n<\/tr>\n<\/tbody>\n<\/table>\n<\/div>\n<p>&nbsp;<\/p>\n<div class=\"table-responsive\">\n<table class=\"table table-striped\">\n<tbody>\n<tr>\n<td><strong>Este producto cumple o excede los requisitos de:<\/strong><\/td>\n<td><strong>32<\/strong><\/td>\n<td><strong>46<\/strong><\/td>\n<td><strong>68<\/strong><\/td>\n<td><strong>100<\/strong><\/td>\n<td><strong>150<\/strong><\/td>\n<\/tr>\n<tr>\n<td>DIN 51524-2:2006-09<\/td>\n<td>X<\/td>\n<td>X<\/td>\n<td>X<\/td>\n<td>X<\/td>\n<td><\/td>\n<\/tr>\n<tr>\n<td>ISO L-HM (ISO 11158:2009)<\/td>\n<td>X<\/td>\n<td>X<\/td>\n<td>X<\/td>\n<td>X<\/td>\n<td>X<\/td>\n<\/tr>\n<\/tbody>\n<\/table>\n<\/div>\n<h2>Propiedades y especificaciones<\/h2>\n<div class=\"table-responsive\">\n<table class=\"table table-striped\">\n<tbody>\n<tr>\n<td><strong>Propiedad<\/strong><\/td>\n<td><strong>32<\/strong><\/td>\n<td><strong>46<\/strong><\/td>\n<td><strong>68<\/strong><\/td>\n<td><strong>100<\/strong><\/td>\n<td><strong>150<\/strong><\/td>\n<\/tr>\n<tr>\n<td>Grado<\/td>\n<td>ISO 32<\/td>\n<td>ISO 46<\/td>\n<td>ISO 68<\/td>\n<td>ISO 100<\/td>\n<td>ISO 150<\/td>\n<\/tr>\n<tr>\n<td>Corrosi\u00f3n de la tira de cobre, 3 h, 100 C, Clasificaci\u00f3n, ASTM D130<\/td>\n<td>1A<\/td>\n<td>1A<\/td>\n<td>1A<\/td>\n<td>1A<\/td>\n<td>1A<\/td>\n<\/tr>\n<tr>\n<td>Densidad a 15 C, kg\/l, ASTM D1298<\/td>\n<td>0,872<\/td>\n<td>0,876<\/td>\n<td>0,882<\/td>\n<td>0,884<\/td>\n<td>0,887<\/td>\n<\/tr>\n<tr>\n<td>Emulsi\u00f3n, tiempo hasta 3 ml de emulsi\u00f3n, 54 C, min, ASTM D1401<\/td>\n<td>15<\/td>\n<td>15<\/td>\n<td>20<\/td>\n<td><\/td>\n<td><\/td>\n<\/tr>\n<tr>\n<td>Emulsi\u00f3n, tiempo hasta 3 ml de emulsi\u00f3n, 82 C, min, ASTM D1401<\/td>\n<td><\/td>\n<td><\/td>\n<td><\/td>\n<td>10<\/td>\n<td>5<\/td>\n<\/tr>\n<tr>\n<td>Punto de inflamaci\u00f3n, copa abierta Cleveland, \u00b0C, ASTM D92<\/td>\n<td>212<\/td>\n<td>226<\/td>\n<td>234<\/td>\n<td>242<\/td>\n<td>258<\/td>\n<\/tr>\n<tr>\n<td>Viscosidad cinem\u00e1tica @ 100 C, mm2\/s, ASTM D445<\/td>\n<td>5,3<\/td>\n<td>6,6<\/td>\n<td>8,3<\/td>\n<td>11,0<\/td>\n<td>14,9<\/td>\n<\/tr>\n<tr>\n<td>Viscosidad cinem\u00e1tica @ 40 C, mm2\/s, ASTM D445<\/td>\n<td>31,4<\/td>\n<td>44,0<\/td>\n<td>63,3<\/td>\n<td>96,0<\/td>\n<td>150<\/td>\n<\/tr>\n<tr>\n<td>Punto de fluidez, \u00b0C, ASTM D97<\/td>\n<td>-24<\/td>\n<td>-24<\/td>\n<td>-18<\/td>\n<td>-18<\/td>\n<td>-18<\/td>\n<\/tr>\n<tr>\n<td>\u00cdndice de viscosidad, ASTM D2270<\/td>\n<td>98<\/td>\n<td>98<\/td>\n<td>98<\/td>\n<td>98<\/td>\n<td>98<\/td>\n<\/tr>\n<\/tbody>\n<\/table>\n<\/div>\n","protected":false},"excerpt":{"rendered":"<p>Los aceites Nuto\u2122 H Series son aceites hidr\u00e1ulicos antidesgaste de buena calidad destinados a utilizarse en aplicaciones de servicios industriales y m\u00f3viles que est\u00e1n sometidas a condiciones operativas moderadas y que requieren lubricantes antidesgaste.<\/p>\n<p>Su efectiva resistencia a la oxidaci\u00f3n y estabilidad qu\u00edmica son la base de la buena vida \u00fatil de dichos aceites en aplicaciones moderadas y severas.<\/p>\n","protected":false},"featured_media":1038,"comment_status":"open","ping_status":"closed","template":"","meta":[],"product_brand":[],"product_cat":[18],"product_tag":[],"class_list":{"0":"post-1171","1":"product","2":"type-product","3":"status-publish","4":"has-post-thumbnail","6":"product_cat-aceites","8":"first","9":"instock","10":"taxable","11":"shipping-taxable","12":"purchasable","13":"product-type-simple"},"jetpack_sharing_enabled":true,"jetpack_likes_enabled":true,"_links":{"self":[{"href":"https:\/\/petrocenter.cl\/web\/productos.php\/wp-json\/wp\/v2\/product\/1171","targetHints":{"allow":["GET"]}}],"collection":[{"href":"https:\/\/petrocenter.cl\/web\/productos.php\/wp-json\/wp\/v2\/product"}],"about":[{"href":"https:\/\/petrocenter.cl\/web\/productos.php\/wp-json\/wp\/v2\/types\/product"}],"replies":[{"embeddable":true,"href":"https:\/\/petrocenter.cl\/web\/productos.php\/wp-json\/wp\/v2\/comments?post=1171"}],"wp:featuredmedia":[{"embeddable":true,"href":"https:\/\/petrocenter.cl\/web\/productos.php\/wp-json\/wp\/v2\/media\/1038"}],"wp:attachment":[{"href":"https:\/\/petrocenter.cl\/web\/productos.php\/wp-json\/wp\/v2\/media?parent=1171"}],"wp:term":[{"taxonomy":"product_brand","embeddable":true,"href":"https:\/\/petrocenter.cl\/web\/productos.php\/wp-json\/wp\/v2\/product_brand?post=1171"},{"taxonomy":"product_cat","embeddable":true,"href":"https:\/\/petrocenter.cl\/web\/productos.php\/wp-json\/wp\/v2\/product_cat?post=1171"},{"taxonomy":"product_tag","embeddable":true,"href":"https:\/\/petrocenter.cl\/web\/productos.php\/wp-json\/wp\/v2\/product_tag?post=1171"}],"curies":[{"name":"wp","href":"https:\/\/api.w.org\/{rel}","templated":true}]}}